digit of w?
5
Let s = -19 + 42. Suppose 0 = 5*d - 158 + s. What is the tens digit of d?
2
Let d(a) = a**3 - 5*a**2 + a + 6. What is the tens digit of d(6)?
4
Let c(p) = -p**3 + 8*p**2 - 1. What is the tens digit of c(4)?
6
Let f(q) = -23*q**3 + q + 1. What is the units digit of f(-1)?
3
Suppose 3*t - 12 + 3 = 0. Suppose c - 56 = -c - z, t*z + 118 = 5*c. Suppose -c = s - 3*s. What is the units digit of s?
3
Let o = -8 - -6. What is the tens digit of 312/20 - o/5?
1
Let u(g) = -g**3 - 2*g**2 + 2*g + 1. Let i be u(-3). Suppose 0 = i*v + 8 - 24. Suppose 44 = 4*p + 2*n, -2*p + p - v*n = -4. What is the tens digit of p?
1
Let i be ((-9)/(-6) - 0)*2. Let h(a) = -a + a - 3*a - 4*a**2 - a**i - 3. What is the units digit of h(-4)?
9
Let p(c) = c**3 + 7*c**2 + 6*c + 1. Let j be (-99)/6*4/(-6). Let m = j + -17. What is the units digit of p(m)?
1
Suppose -23 = -2*j + 3*t, -4*t - 14 = 2*j - 3*j. What is the tens digit of 454/j + (-2)/5?
4
Suppose -30 = -4*p + 2*p. Suppose -2*q = -2*d - 5*q + p, 3*d = 4*q + 31. What is the units digit of d?
9
What is the units digit of (665/25 - 5)*5?
8
Suppose -6*i - 6 = -7*i. What is the units digit of i?
6
Suppose -3*c + 2*b + 10 = -2*b, 2*b + 16 = -4*c. Let r = -18 + 11. What is the units digit of -2*r*(-1)/c?
7
Suppose 0 - 3 = -h - 5*z, -3*z = 3*h - 9. Suppose 21 = h*l - 6. What is the units digit of l?
9
Suppose -11 = 4*u + 9. Let y(i) = 3*i**3 - i**2 - 2*i - 1. Let p be y(-1). Let n = p - u. What is the units digit of n?
2
Let m(y) = -y + 4. Let t be m(4). What is the units digit of (2/(-4) + t)*-18?
9
Let u = 309 + -157. What is the tens digit of u?
5
Let d(p) = p**2 + p. Let v = 13 + -7. Let y(z) = -7*z**2 - 3*z + 2. Let h(u) = v*d(u) + y(u). What is the units digit of h(3)?
2
Suppose 1 - 16 = -5*u + 5*b, -u = -5*b - 3. Suppose 3*p - f + 2 = p, -15 = -u*p - 3*f. What is the units digit of p?
1
Let r be 1/(-7) + 65/(-35). Let v = r - -24. What is the units digit of v?
2
Suppose 3*r = i + 5, -r + 4 - 1 = 0. What is the units digit of i?
4
Let g(r) = 16*r - 3*r - r**2 - 2 - 26*r. Let d = 1 + -12. What is the units digit of g(d)?
0
Let y(i) = i + 5*i**2 + 2 + 5*i**2 - 2*i**2. What is the tens digit of y(-2)?
3
Suppose -3*v = -10 - 2. Suppose -v*h + 102 = -h. What is the tens digit of h?
3
Suppose -3*a + 2*a - 2 = 0. Let q be 4 + a - 1*-1. Let x = 2 + q. What is the units digit of x?
5
Let u(q) = q + 0*q - 3*q + 5*q**2. What is the tens digit of u(2)?
1
Suppose -4*j + 186 = 5*p, j - 202 + 62 = -4*p. What is the units digit of p?
4
Suppose 5*k + 30 = 5*c - 0*c, -2*k + 13 = 3*c. Suppose c*h - 17 = 13. Let b = h - 2. What is the units digit of b?
4
Suppose 0*a + 30 = 5*a. Suppose -3*q = -q + t + 2, a = 2*q + 5*t. Let w = 16 + q. What is the tens digit of w?
1
Suppose -6 = -5*z + 64. What is the units digit of (-82)/(-7) - (-4)/z?
2
Let r = 2 + -5. Let c = r - -6. What is the units digit of (6/10)/(c/45)?
9
Suppose 3*k - 5*k + 146 = 0. Let r = k - 50. What is the tens digit of r?
2
Let x(j) = j**2 + 9*j - 5. Let r be x(-10). Suppose 0 = 2*n + r*g - 29, 5*n - 15 = 4*g + 74. What is the units digit of n?
7
Let d(f) = -8*f**2 - 3*f - 21*f**3 + 4*f + 6*f**2. Let k be d(1). What is the units digit of (-4)/(-16) + k/(-8)?
3
Let f(h) be the third derivative of h**4/8 + h**3/6 - h**2. Let i be f(1). Suppose 2*g + 3*j - 3 = i, -4 = -3*g + 2*j. What is the units digit of g?
2
Suppose -3*o + 9 = -0*o. What is the units digit of o?
3
Let y = 25 - 45. Let k = -1 - y. What is the units digit of (-1)/(k/(-9) - -2)?
9
Suppose -s + 6*s = -3*g + 204, 0 = -s + 5*g + 52. What is the units digit of s?
2
Suppose 0 = -6*f + 47 + 7. What is the units digit of f?
9
Let v = 110 + -63. What is the tens digit of v?
4
Suppose -3*y + c = 2*c - 177, -5*y + 295 = -3*c. What is the tens digit of y?
5
Let g be ((-2)/(-2))/(-1) + -1 + -9. Suppose 4*c - 83 = 37. Let u = c + g. What is the tens digit of u?
1
Let y(d) = 2*d**2 + 1. Let x be -5*(-3)/30*2. What is the units digit of y(x)?
3
Let d(y) = -y + 2. Let x be d(0). Suppose 0 = 4*m - x*p - 0*p - 14, 2*p = -m + 6. Suppose m + 3 = g. What is the units digit of g?
7
Suppose -2*f + 36 = -0*f. Suppose 6 + f = 2*g. What is the units digit of g?
2
Let m be 9 + -42 - 1*2. Let g = m - -55. What is the units digit of g?
0
Let q(w) = w**2 + 7*w + 6. Let n be q(-6). Let k be -1*0/(-3 - n). Suppose k = -j - 0*j + 3. What is the units digit of j?
3
Suppose 64 = r + 15. Suppose -86 = -5*b + r. Suppose 3*a - 18 = -a + 2*y, -4*a = y - b. What is the units digit of a?
6
Suppose -5*n - 18 = 2*r - 107, -2*r + n + 59 = 0. What is the units digit of r?
2
Suppose -3*b = -2*o - 52, -95 = -5*b - 4*o - o. Suppose b = 6*g - 60. What is the tens digit of g?
1
Let o = -125 + 383. What is the hundreds digit of o?
2
Let g = 1 + -7. Let d(f) = f**2 + 4*f - 4. What is the units digit of d(g)?
8
Suppose -2*d + 9 = d. Let x = -9 - -14. Let s = x + d. What is the units digit of s?
8
Suppose -2*o = 11 - 3. Let b = o - -7. Suppose 2 = b*g - 1. What is the units digit of g?
1
Suppose 9 = g - 32. What is the tens digit of g?
4
Let w(v) = v**3 + 6*v**2 + 4*v - 5. Let s be w(-5). Suppose 4*k + s*k = 32. Suppose 0 = 3*g + g - k. What is the units digit of g?
2
Let g = 110 + -43. What is the tens digit of g?
6
Let s(x) = 7*x - 29. Let i(k) = k**2 + 4*k. Let a be i(-6). What is the tens digit of s(a)?
5
Let k(l) = l**3 - 5*l**2 + 2*l - 6. Let q be k(5). Suppose -q*f + 24 = 2*r, 4*r - 2*f - 17 = 11. What is the units digit of r?
8
Suppose -4*c = 8, -7 = -3*a - 3*c + 8. Suppose -5*b + a + 9 = -2*j, -5*b = -20. What is the units digit of j?
2
Let d = 30 - 7. Suppose -5*m + d = -37. What is the tens digit of m?
1
Suppose 4*h - 9 - 43 = -c, -4*h + 2*c + 40 = 0. What is the tens digit of h?
1
Let m(y) = y**3 - 5*y**2 + y - 5. Let q be m(5). Suppose q = 4*o - 3*s - 14, 5*o - 4 = -4*s - 2. What is the units digit of o?
2
Let o = -6 + 36. What is the units digit of o?
0
What is the units digit of ((-9)/(-1) + 1)/2?
5
Let f(o) = o**2 + 7*o + 2. Let a be (1 - -1)*35/(-10). Let l be f(a). Suppose -4*z + 34 + l = 0. What is the units digit of z?
9
Suppose 0 = 4*z - 9*z + 800. What is the hundreds digit of z?
1
Let i be (4/5)/((-16)/(-120)). What is the tens digit of (i - 3)*4 - -3?
1
Let z(u) = -u - 6. Let x(i) = 5*i + 31. Let o(v) = -2*x(v) - 11*z(v). Let r = -16 - -22. What is the tens digit of o(r)?
1
Let p = 1 + 26. What is the units digit of p?
7
Let n(u) be the first derivative of u**3/3 - 3*u**2/2 + 3*u + 4. What is the units digit of n(5)?
3
What is the hundreds digit of ((-72)/5)/((-42)/315)?
1
Suppose 0 = -4*u - 8, 5*d = -u - 336 + 1509. What is the hundreds digit of d?
2
Suppose 3*l + l + 4*n - 372 = 0, l + 5*n = 81. What is the tens digit of l?
9
Suppose w = -w. Let l = -1 - w. What is the units digit of (3 + l)/(12/54)?
9
Let t = 16 - 10. Suppose 0 + 50 = 5*n. Suppose -4*l = -3*j + 2, -5*j + n = l - t*l. What is the units digit of j?
6
Let t = -28 + 76. Suppose t = 3*c + c. What is the tens digit of c?
1
Let i = -65 - -93. What is the units digit of i?
8
Let f(p) = p**2 + 8*p + 14. What is the units digit of f(-11)?
7
Let j(a) = -a**3 - 3*a**2 - a - 2. Let c be j(-4). Let m = c + -11. What is the units digit of m?
7
Suppose -z + 5*j = 2*z - 361, 5*z - 5*j = 595. What is the tens digit of z?
1
Suppose 3*a - 90 = -0*a. What is the tens digit of a?
3
Let f be (-4)/1 + (37 - 31). Suppose -q - 5 - 2 = 2*v, 5*v = -3*q - 19. What is the units digit of f - (2 - (v + 10))?
8
Let s = 4 + -1. Let t be 1 - (s/1)/(-3). Suppose -3*x - 64 = -4*m, 0 = -3*m - x - t*x + 27. What is the tens digit of m?
1
Suppose 2*q = -0*q - 36. Let j = -12 - q. What is the units digit of j?
6
Suppose -4 = -4*n + 3*q + 197, -4*n + 189 = q. What is the tens digit of n?
4
Suppose 8*v = 89 + 375. What is the tens digit of v?
5
Let a = 4 + 229. What is the tens digit of a?
3
Suppose 0 = -v + 5*d + 22, -4*v + 3*d + 16 = -2*v. Suppose -j + n = -18, 0*n - v*n = j - 6. What is the units digit of 9/(-18)*j/(-1)?
7
Suppose 2*m + 4*q - 2*q + 36 = 0, -68 = 4*m + 2*q. Let n = 24 + m. What is the units digit of n?
8
Let c(w) = w**3 - w**2 + 1. Let x(n) = 8*n**3 + 7*n**2 - n - 5. Let b(f) = 5*c(f) + x(f). What is the units digit of b(1)?
4
Let z(l) = 3*l**2 - 4*l + 1. Let k be z(4). Suppose -5*